7*b**2 - 42*b + 9. Let m(g) = -3*s(g) - 10*y(g). Give m(2).
52
Let s = 3219 - 3221. Let y(u) = -15*u - 47. What is y(s)?
-17
Suppose -4 = 2*g - 3*g. Let q(x) = 40*x**2 - 20*x**2 - 21*x**2 - 4*x + 2*x. Let c(l) = -6*l**2 - l - 5. Let o(r) = -c(r) + 4*q(r). Calculate o(g).
9
Suppose -2*r = -0*r - 4. Suppose -r*b = 3*b. Let w(a) = -4*a**2 - 5*a - 78. Let t(d) = 9*d**2 + 12*d + 178. Let l(o) = -3*t(o) - 7*w(o). Determine l(b).
12
Let y(m) = -5 - 3*m + m + 1. Let u(p) = -42*p**2 - 305*p - 80. Let i be u(-7). Give y(i).
2
Let x(h) = 39*h - 1. Let n be x(0). Let s(o) = -2*o - 3. Give s(n).
-1
Let q = -2069 + 2082. Let c(o) be the second derivative of 0 + 1/6*o**3 + 3/2*o**2 - q*o. What is c(-5)?
-2
Let j(p) = -20*p - 117. Let k(c) = c**3 - 8*c**2 + 19*c - 26. Let y be k(5). Determine j(y).
3
Let a(u) = 41*u + 1. Let x be a(0). Let b(r) = r**2 - 2. Let k(h) = 7*h**2 - 2*h - 11. Let p(m) = x*k(m) - 6*b(m). Give p(6).
25
Let n(f) be the third derivative of -4/3*f**3 + 0*f - 1/120*f**6 + 7*f**2 + 1/6*f**5 + 5/12*f**4 - 7. Give n(11).
-19
Let g(p) = 4*p**2 - 64*p - 191. Let v(i) = 3*i**2 - 43*i - 128. Let n(c) = -5*g(c) + 7*v(c). What is n(-19)?
59
Let f(z) = -5*z + 0*z**3 - 6*z**2 - 5*z + 4*z + 6 + z**3. Let m be -20*1 + 4 + -1. Let u(j) = j**2 + 17*j + 7. Let d be u(m). Determine f(d).
13
Let z(t) = 5*t**3 - 13*t**2 + 6. Let c(j) = -4*j**3 + 2*j**2 + 1. Let r(o) = -c(o) - z(o). What is r(11)?
-7
Let f(m) = -6*m**2 + 2*m + 2*m**2 + 6920 - 2*m**3 - 6924 + 5*m**2. What is f(0)?
-4
Let a(d) = -d**3 + 5*d**2 + 18*d - 28. Let z be a(7). Suppose z = 15*h - 7*h - 72. Let s(j) = 2*j - 6. Give s(h).
12
Let l(i) = 80*i**2 - 16*i - 14. Let y(u) = 18*u**2 - 4*u - 4. Let c(o) = 2*l(o) - 9*y(o). What is c(5)?
-22
Let q(d) be the second derivative of -d**3/3 + d**2/2 - 21*d. Suppose 3*y - 9*f + 7*f + 11 = 0, -f + 13 = -4*y. Give q(y).
7
Let z(l) be the first derivative of 20/3*l**3 + 26 - 1/24*l**5 + 1/6*l**4 + 0*l + 0*l**2 + 1/360*l**6. Let f(r) be the third derivative of z(r). What is f(7)?
18
Let i(q) = -83*q + 78. Let n(c) = -180*c + 169. Let o(m) = 13*i(m) - 6*n(m). Let w be (6/(-9))/(4/(-18)). Let r be 10/w - 2/6. Determine o(r).
3
Let c(l) = 9*l**2 - l - 5. Let q(g) = 11*g**2 - 3*g - 5. Let r(o) = 7*c(o) - 6*q(o). Determine r(4).
-9
Let i(q) = 3 - 61*q + 128*q - 69*q - 1. Give i(-3).
8
Suppose 4054*h - 4050*h = 24. Let a(l) = -l**3 + 6*l**2 - 4*l + 28. What is a(h)?
4
Let t = -94 - -99. Suppose -5*o - 7*h = -t*h - 10, -4*o - h + 11 = 0. Let j(a) = -a**2 + 4*a - 1. Determine j(o).
-1
Let v(b) = -5 - 6*b + 441248*b**2 + 0*b - 441249*b**2. Give v(-2).
3
Let z(u) = 7*u**3 + 55*u**2 - 26*u - 10. Let d(o) = -4*o**3 - 28*o**2 + 17*o + 5. Let s(x) = 9*d(x) + 5*z(x). What is s(24)?
-29
Suppose -4*k = -5*b - k + 24, -2*b + 18 = -4*k. Let m(q) be the first derivative of -6*q**2 - 4*q + 778. Give m(b).
-40
Let p(g) = -2*g**2 + 43*g - 105. Let b be p(19). Let h be (-840)/90 - b/(-6). Let x(t) = -t**2 - 13*t - 19. What is x(h)?
3
Suppose -163*l = -153*l + 2990. Let a = 298 + l. Let i(x) = -5*x**2 - 2*x - 1. Give i(a).
-4
Let s(m) be the second derivative of m**3 - 7*m**2/2 - 320*m. Let d be (-30)/10 + (-1 - -12). Determine s(d).
41
Let d = -2 + -4. Let m(x) be the third derivative of -x**4/12 + x**3 + 9*x**2 + 184*x. What is m(d)?
18
Let r(v) = -7*v**3 - 4*v**2 - 4*v - 1. Let y be r(-1). Let p be (-14 + 12)*y/3. Let a(c) = -5*c + 2. Determine a(p).
22
Let z = -1455 - -296. Let g = z + 1166. Let b(h) = -5*h**2 - 13*h - 10. Let i(c) = -4*c**2 - 12*c - 9. Let t(l) = 5*b(l) - 6*i(l). Calculate t(g).
4
Let s(v) = -9*v + 2. Let i(q) = 27*q. Let h(t) = 40*t + 1. Let m(k) = 5*h(k) - 8*i(k). Let u(d) = 3*m(d) - 5*s(d). Let x be (-1)/2 + 13/2. Calculate u(x).
-13
Let t be (1/2)/((-2)/4)*-718. Let r(m) = -2*m**2 - 724 + 3*m**2 + t - 6*m. Give r(5).
-11
Suppose -4*x + 136 = -0*x. Let k = x - 32. Let r(j) = 3*j**2 - 114*j**3 + 2*j - k + 1 + 115*j**3. What is r(-2)?
-1
Let d(z) = z**3 - z - 4. Let t be d(0). Let p(h) = -11*h + 17*h + 10*h - 13*h + 8. Calculate p(t).
-4
Let z(i) = -11*i**3 + 14*i**2 - 12. Let x(m) = -3*m**3 + 2*m**2 - 1. Let j(f) = 4*x(f) - z(f). Give j(-5).
-17
Let u(d) = -156*d + 17*d**2 - 19*d**2 - 5 + 8 - 2*d**2 + 10*d**2. Calculate u(26).
3
Suppose -516 = -3*z + 2*z - 505. Let d(x) = -x**2 + 15*x - 45. Give d(z).
-1
Let v = 148 + -136. Let k be 74/v - 15/(-18). Let s(p) = p**2 - 4*p - 9. Calculate s(k).
12
Let k(y) be the second derivative of -y**3/6 - 2*y**2 - y. Let z = -112 + 1174. Let x = z + -1059. What is k(x)?
-7
Suppose -4*m + 2*k = -100, 6*k = -5*m + k + 110. Let w(a) = 2*a - 48. Calculate w(m).
0
Let d(x) = x**2 - 9*x + 19. Let y be d(7). Let m(p) = 5 + y*p - 3 - 3. Suppose 0 = -5*f - 1 - 9. Determine m(f).
-11
Let q(u) = -3*u**2 - 38*u + 449. Let c be q(-20). Let r(n) = -n**2 + 14*n - 16. What is r(c)?
29
Let l(q) be the first derivative of -q**2/2 + 5*q - 200. Give l(1).
4
Let v(u) = -3*u**3 - 12*u**2 - 13*u - 10. Let r(q) = 7*q**3 + 24*q**2 + 26*q + 19. Let o(j) = -2*r(j) - 5*v(j). Give o(-11).
-10
Suppose -5*n - 115 = -5*l, 0 = -7*l + 9*l - 5*n - 61. Let j(g) = -2*g + 12. Calculate j(l).
-24
Let g(u) = -97 - 93 + 320 - 106 - u. Let p(y) = 9. Let h(c) = 6*g(c) - 17*p(c). What is h(-7)?
33
Let x = 32 + -26. Suppose 5 = -5*u + 20. Let l(n) = 13 - u*n + 11 - 26 - n**3 + 6*n**2. Calculate l(x).
-20
Let m(v) = -v - 3. Let q(l) = 2*l + 4. Let k(s) = -s**3 - 7*s**2 + 2*s + 12. Let j be k(-7). Let z(u) = j*q(u) - 3*m(u). Calculate z(-3).
4
Let q(z) = 19*z**2 + 8*z + 3. Let c(u) = -41*u**2 - 17*u - 6. Let t(y) = 6*c(y) + 13*q(y). Suppose -g = -4*g - 9. What is t(g)?
6
Let x be ((-2)/12)/(200/(-2800)). Let i(b) be the first derivative of 3/2*b**2 - 40 + x*b**3 + 1/4*b**4 - 3*b. What is i(-6)?
15
Let l(r) = -24*r**2 + 85*r + 3. Let t(o) = -o**2 + 6*o. Let i(f) = -l(f) + 19*t(f). What is i(-5)?
-23
Let d = 89 - 97. Let j be (-210)/112 + 8 - (-1)/d. Let s(f) = -8*f + 5. Determine s(j).
-43
Let y = -294 + 445. Let w(u) = 295*u - 141*u - 3 - y*u. What is w(-5)?
-18
Let k(b) = 19 + 23 - 50 + 19*b + 8*b + 11*b - 39*b. Let w be (-18)/(-8)*-4*1. Calculate k(w).
1
Suppose -9*y - 38 = -28*y + 21*y. Let x(h) = -h**3 - 20*h**2 - 20*h + 22. Give x(y).
41
Let p(f) = f + 7. Let c be p(-6). Let x(m) = m - 1. Let u(r) = -r**2 - 9*r + 13. Let k(i) = c*u(i) + 6*x(i). Suppose -20 - 49 - 26 = 19*q. Determine k(q).
-3
Let u(l) = 13*l**2 - 27*l + 82. Let o(v) = -22*v**2 + 54*v - 161. Let h(y) = -3*o(y) - 5*u(y). Calculate h(24).
1
Let q(h) = -h**3 - 18*h**2 - 11*h - 26. Let o(g) = 2*g**2 - 1. Let a(p) = -6*o(p) - q(p). Give a(-6).
-34
Let k(p) be the second derivative of -35*p**3/6 + p**2/2 - 44*p - 5. Calculate k(-1).
36
Let p be 0 - (-12)/3 - 1 - 17. Let y(f) = 3*f + 26. Let o(c) = -c - 8. Let x(t) = p*o(t) - 4*y(t). Calculate x(-8).
-8
Let j(o) = o**2 - 17*o + 63. Let p be j(12). Suppose b = -2*z - 23, -5*z - 62 = p*b - 2. Let q(l) = -2*l - 4. Determine q(z).
14
Suppose 0 = -80*m - 205 - 115. Let k(x) = -3*x**2 - 14*x + 3. Give k(m).
11
Let l(f) be the first derivative of -f**6/120 - 3*f**5/20 + 3*f**4/8 - 3*f**3/2 + 33*f**2 + 25. Let b(r) be the second derivative of l(r). Calculate b(-10).
1
Let o(s) = 2*s**2 - 13*s + 26. Let m(p) = 3*p**2 + 7. Let h(f) = -m(f) + o(f). Determine h(-15).
-11
Let w(u) = -2*u - 13. Let l(n) = n + 14. Let f = 34 - 20. Suppose -f*i = -20*i - 144. Let v be l(i). Calculate w(v).
7
Let v(p) be the third derivative of p**5/60 - p**4/3 + 5*p**3/3 - 175*p**2 + 1. Let f = 30 + -22. Give v(f).
10
Let w = 360 - 363. Let r(c) be the third derivative of -c**4/24 + c**3/2 - 2*c**2. What is r(w)?
6
Let x(g) = -16*g - 76. Let s(m) = 16*m - 103. Let n(w) = -2*s(w) - 3*x(w). What is n(-27)?
2
Let v(u) = -4*u + 2. Let o(c) be the second derivative of -7*c**3/2 + 9*c**2 - c - 177. Let j(f) = o(f) - 4*v(f). Give j(8).
-30
Let t(q) be the first derivative of -8*q**3/3 - 2*q**2 + 4*q + 323. Let r(j) = -j**2 + 1. Let u(n) = 10*r(n) - t(n). Give u(5).
-24
Let t(i) be the second derivative of i**4/12 - i**3/2 + i**2 + 163*i. Let g(y) = y**2 - 11*y + 13. Let p be g(10). Give t(p).
2
Let t(w) be the third derivative of 0*w + 1 - 1/6*w**3 - w**2 + 1/12*w**5 + 0*w**4. Determine t(2).
19
Let d(n) = 4*n - 18. Let v = -695 - -700. Let s(w) = -w + 3. Let x(f) = v*s(f) + d(f). Determi